mine m(-195).
9
Let s(i) = -2*i**2 + 1004*i + 242488. What is s(-178)?
408
Let q(r) = -3840*r - 226598. What is q(-59)?
-38
Let s(k) = 655*k**2 - 7*k + 14. Determine s(1).
662
Let u(j) = -1330*j - 570549. What is u(-429)?
21
Let i(v) = -v**3 - 23*v**2 - 111*v - 276. Give i(-15).
-411
Let d(l) = 5817*l**2 - 116355*l + 299. Calculate d(20).
-1
Let v(l) = l**2 - 1666*l - 828860. Give v(-401).
7
Let r(y) = y**3 + 8224*y**2 - 131847*y + 119. Calculate r(16).
7
Let u(r) = r**2 - 136231*r + 544898. What is u(4)?
-10
Let h(r) = -11*r**2 - 8579*r + 194890. Give h(-802).
4
Let h(a) = -a**3 - 5*a**2 - 1151*a - 3447. Calculate h(-3).
-12
Let j(b) = -2*b**2 - 1342*b + 1150970. What is j(494)?
-50
Let g(b) = 2*b**2 - 290*b + 9830. Determine g(90).
-70
Let n(u) = 2*u**3 + 2011*u**2 - 108875*u - 4215. Calculate n(-1057).
13
Let n(f) = -27093*f - 677345. Determine n(-25).
-20
Let h(n) = -7*n**2 + 12299*n - 469030. What is h(39)?
-16
Let p(i) = i**2 - 5*i - 4914. What is p(-64)?
-498
Let l(g) = 8*g**2 + 76*g + 844. What is l(-9)?
808
Let q(s) = -s**3 + 44*s**2 + 135*s - 175. Give q(47).
-457
Let i(s) = -733*s + 10366. Calculate i(14).
104
Let f(v) = 79*v**2 - 8488*v + 3750. Calculate f(107).
5
Let z(q) = 47*q**2 + 9538*q + 18291. Determine z(-201).
0
Let s(a) = -20035*a + 42072. What is s(2)?
2002
Let q(n) = 3*n**3 + 124*n**2 + 52*n + 375. What is q(-41)?
-76
Let g(q) = q**3 - 196*q**2 + 2536*q + 2123. Determine g(182).
-61
Let x(t) = -2916*t - 61330. Determine x(-21).
-94
Let b(v) = -1374*v + 217045. Give b(158).
-47
Let j(b) = -b**3 - 36*b**2 - 94*b - 585. What is j(-33)?
-750
Let c(u) = u**3 + 8*u**2 + 263*u + 1533. Calculate c(-6).
27
Let l(s) = -153*s**3 + 3*s**2 - 271*s + 270. What is l(1)?
-151
Let i(t) = 16*t**2 - 315*t + 1298. Give i(4).
294
Let w(r) = -r**3 - 373*r**2 - 525*r + 80510. Determine w(-371).
3
Let w(h) = h**3 + 1175*h**2 + 9321*h - 17518. Determine w(-1167).
-13
Let p(k) = 1697*k + 342935. Determine p(-202).
141
Let d(s) = -3*s**3 + 140*s**2 + 189*s + 261. Determine d(48).
117
Let v(t) = 14225*t + 1578983. Determine v(-111).
8
Let a(d) = -d**3 + 76*d**2 - 15*d + 7035. What is a(77)?
-49
Let z(l) = -391*l - 14157. What is z(-37)?
310
Let k(h) = -h**3 + 277*h**2 - 1409*h + 160799. Determine k(274).
-39
Let f(i) = i**2 + 25219*i + 730506. Calculate f(-29).
-4
Let s(h) = h**3 + 137*h**2 + 35*h + 4815. Determine s(-137).
20
Let y(r) = -13*r**2 - 2022*r + 13975. Give y(-162).
367
Let u(m) = 10*m**2 + 1589*m + 12061. Give u(-8).
-11
Let o(s) = 164*s**2 + 412*s - 1625. Calculate o(4).
2647
Let r(u) = u**3 - 174*u**2 - 1263*u - 688. Give r(181).
36
Let d(c) = 4352*c**2 + 34858*c + 286. Give d(-8).
-50
Let q(y) = -11*y**3 - 50*y**2 + 1191*y + 5907. Determine q(-5).
77
Let i(u) = 9711*u + 67430. Determine i(-7).
-547
Let v(b) = 2704*b - 354252. Calculate v(131).
-28
Let n(y) = -y**2 + 3197*y - 44633. Determine n(14).
-71
Let r(m) = m**3 - 134*m**2 - 96*m - 5183. Calculate r(135).
82
Let y(x) = -725060*x - 48. What is y(0)?
-48
Let q(i) = -15*i**3 + 915*i**2 + 3*i - 47. Calculate q(61).
136
Let r(m) = -61409*m - 2701997. Determine r(-44).
-1
Let b(p) = 9*p**2 - 479*p - 8554. Calculate b(-17).
2190
Let p(u) = 735*u - 218294. Give p(297).
1
Let i(o) = -128*o**2 + 1658*o + 111. Determine i(13).
33
Let c(i) = 36*i**2 - 2443*i + 7332. Give c(3).
327
Let q(n) = -872*n + 3607. Give q(5).
-753
Let q(c) = -6*c**3 - 33*c**2 + 3164*c + 18880. Give q(-6).
4
Let x(v) = -2074*v - 263428. Determine x(-127).
-30
Let v(n) = 1738*n + 147179. Give v(-85).
-551
Let n(w) = -1516*w - 16785. Determine n(-11).
-109
Let l(t) = -4*t**3 + 55*t**2 - 176*t - 92. What is l(7)?
-1
Let i(z) = 3*z**2 + 163*z - 47574. What is i(-156)?
6
Let u(j) = 28*j**2 + 17100*j - 408116. Calculate u(23).
-4
Let f(m) = -18746*m + 168709. Determine f(9).
-5
Let k(g) = 290*g**2 - 2605*g + 6. Give k(9).
51
Let x(l) = l**3 + 58*l**2 - 281*l + 119. Give x(4).
-13
Let f(i) = 507*i**3 + 3*i - 3. What is f(1)?
507
Let k(h) = -6364*h - 286084. Give k(-45).
296
Let d(s) = -430*s - 4832. Calculate d(-11).
-102
Let d(b) = -3*b**3 + 56*b**2 + 163*b - 58. What is d(21)?
278
Let j(f) = 145*f**2 - 3475*f - 43. Give j(24).
77
Let m(a) = -9500*a + 38006. Determine m(4).
6
Let f(t) = t**3 - 1854*t**2 - 31798*t + 172. Determine f(-17).
19
Let g(p) = p**3 - 246*p + 2301. What is g(18)?
3705
Let v(b) = 212*b + 5737. What is v(-28)?
-199
Let s(k) = k**2 - 73*k - 878. Give s(-18).
760
Let s(i) = -1858*i + 46537. Determine s(25).
87
Let m(y) = -y**3 - 19*y**2 + 88*y - 1680. Give m(-25).
-130
Let g(n) = 13666*n**2 - 20335009*n + 1490. Give g(1488).
2
Let t(q) = q**3 + 13*q**2 - 231*q + 333. Calculate t(9).
36
Let i(s) = -3534*s + 325098. Determine i(92).
-30
Let b(c) = -2*c**2 + 53*c + 1759. Give b(46).
-35
Let p(y) = 1940*y + 22988. Calculate p(-12).
-292
Let g(i) = 575*i + 54656. Give g(-95).
31
Let q(l) = 42504*l - 9180867. What is q(216)?
-3
Let u(t) = -2672*t - 1683334. Give u(-630).
26
Let c(x) = 137899*x + 1241181. Give c(-9).
90
Let v(i) = -9426*i + 9532. Determine v(1).
106
Let j(w) = -110*w**3 + 36079*w**2 + 327*w + 327. Determine j(328).
-1
Let o(t) = 1738*t - 1159. Calculate o(1).
579
Let a(q) = 667*q - 59421. What is a(89)?
-58
Let p(d) = -35204*d + 105630. What is p(3)?
18
Let d(f) = f**2 + 158*f - 3272. Give d(19).
91
Let a(s) = -2*s**3 + 5*s**2 - 240*s + 1875. Calculate a(8).
-749
Let g(l) = 4*l**3 - 47*l**2 - 73*l + 47. Determine g(-2).
-27
Let w(v) = v**3 + 20*v**2 - 1596*v - 403. Calculate w(-51).
362
Let m(i) = -i**3 + 7*i**2 - 20*i + 64. Give m(12).
-896
Let f(w) = -3685406*w - 14741633. Determine f(-4).
-9
Let f(z) = -33281*z + 100082. Give f(3).
239
Let y(z) = 28*z**2 + 2342*z + 1496. What is y(-83)?
2
Let l(y) = -1084*y**2 - 206*y - 9. What is l(-1)?
-887
Let h(g) = g**3 + 296*g**2 + 1195*g + 7580. What is h(-292)?
-304
Let c(a) = -10039*a - 1636370. Calculate c(-163).
-13
Let y(u) = -2*u**3 - 25*u**2 - 168*u + 17. Give y(-5).
482
Let o(s) = -320*s**2 + 10263*s - 25. Calculate o(32).
711
Let j(v) = 4465*v - 406323. Give j(91).
-8
Let z(x) = 3*x**3 + 71*x**2 - x + 623. Determine z(-24).
71
Let u(d) = -d**3 + 7*d**2 + 21246*d + 169028. Calculate u(-8).
20
Let v(f) = 1652*f + 227985. Calculate v(-138).
9
Let t(w) = w**3 + 433*w**2 - w - 411. Give t(-433).
22
Let b(y) = 38*y**3 - 7*y**2 + 94*y + 231. Determine b(-2).
-289
Let b(i) = -3*i**2 - 2550*i - 66310. Determine b(-26).
-2038
Let j(w) = -12*w**3 - 10*w**2 + 38*w + 3. Give j(2).
-57
Let z(k) = -75699*k + 605588. Determine z(8).
-4
Let g(t) = -t**3 + 32*t**2 - 3*t + 208. Give g(33).
-980
Let p(a) = -11*a**2 + 54*a - 28. Give p(-6).
-748
Let b(q) = 5706*q - 3617602. Calculate b(634).
2
Let w(k) = -2*k**2 + 619*k + 13879. Calculate w(-21).
-2
Let c(v) = 656*v - 12964. What is c(22)?
1468
Let m(h) = h**2 + 34*h - 207. What is m(-40)?
33
Let s(w) = 2*w**3 - 222*w**2 + 53*w - 5920. What is s(111)?
-37
Let r(n) = 1013*n - 102514. What is r(101)?
-201
Let h(u) = 6*u**2 - 456*u + 4906. Determine h(13).
-8
Let v(m) = -m**3 - 34*m**2 - 99*m - 188. Determine v(-27).
-2618
Let o(d) = 1705*d**2 - 10289*d + 360. What is o(6)?
6
Let r(a) = -92282*a - 2307281. Determine r(-25).
-231
Let r(o) = -o**3 - 48*o**2 - 355*o + 27. Calculate r(-41).
2815
Let z(t) = -t**3 - 45*t**2 - 480*t - 34. Calculate z(-31).
1392
Let k(r) = 5*r**2 + 3044*r - 33573. What is k(11)?
516
Let i(g) = -7*g**2 + 38341*g + 38340. What is i(-1)?
-8
Let w(a) = -3563*a - 245746. Calculate w(-69).
101
Let s(n) = n**3 - 4*n**2 - 1383*n + 1388. Calculate s(1).
2
Let q(l) = -55*l**2 - 21328*l + 4661. Determine q(-388).
5
Let t(v) = 4*v**2 - 549*v - 2721. Calculate t(-5).
124
Let d(j) = 229*j + 64676. What is d(-278)?
1014
Let n(y) = -y**3 + y**2 - 48*y - 148. Calculate n(15).
-4018
Let m(o) = 6094*o + 134075. What is m(-22)?
7
Let p(w) = -2*w**2 - 1773*w + 85781. Calculate p(46).
-9
Let i(m) = 6*m**3 - 37*m**2 + 104*m + 34. What is i(3)?
175
Let h(m) = -17609*m + 2588525. Calculate h(147).
2
Let c(n) = -17*n**2 + 1408*n + 27219. Calculate c(99).
-6
Let h(j) = j**3 - 688*j**2 + 4749*j + 43. Calculate h(7).
-83
Let i(c) = 7616*c**2 + 60919*c - 81. Calculate i(-8).
-9
Let p(h) = -4*h**2 - 2758*h + 183124. Give p(61).
2
Let a(m) = 47*m**2 + 392*m + 492. Calculate a(-7).
51
Let n(s) = s**2 - 2224*s - 46